42?
33
In base 16, what is -1 + -b?
-c
In base 13, what is -80 + -45?
-c5
In base 15, what is 2 - 160?
-15d
In base 16, what is 0 + ab?
ab
In base 8, what is -457 - -4?
-453
In base 9, what is -5 - -2848?
2843
In base 5, what is 2 - -110?
112
In base 15, what is -8b3 - -8?
-8aa
In base 8, what is 123 - 43?
60
In base 7, what is 1004 + -4?
1000
In base 9, what is -5 - -841?
835
In base 12, what is 1 + -850?
-84b
In base 14, what is -5 - 19?
-20
In base 15, what is -4 - 11a?
-11e
In base 4, what is 122 - 33311?
-33123
In base 13, what is 7 + -13ab?
-13a4
In base 9, what is 0 + -48?
-48
In base 3, what is 100100 - -110?
100210
In base 13, what is 115c + -1?
115b
In base 12, what is 5 + 61?
66
In base 4, what is 1 - 1312210?
-1312203
In base 5, what is 10 - -31?
41
In base 12, what is 183 - -1?
184
In base 13, what is b + 5?
13
In base 14, what is 1 + 6d?
70
In base 9, what is -608 + 0?
-608
In base 13, what is -5 + -2a?
-32
In base 12, what is -143 + 5?
-13a
In base 7, what is 2236 - -4?
2243
In base 9, what is -51 - 0?
-51
In base 8, what is -30 - -103?
53
In base 14, what is 12b4c - 5?
12b47
In base 4, what is -12 + 0?
-12
In base 12, what is 24 - -7?
2b
In base 5, what is -414240 - 10?
-414300
In base 4, what is 10 - -1123?
1133
In base 3, what is 0 + -2102011?
-2102011
In base 3, what is 1200 - 0?
1200
In base 12, what is 6 - -1b2?
1b8
In base 5, what is 330010 - -2?
330012
In base 15, what is 2e - -9c?
cb
In base 2, what is 101001001 - 0?
101001001
In base 2, what is -1 + -10001?
-10010
In base 14, what is -1 - -33d?
33c
In base 10, what is 1154 - 7?
1147
In base 9, what is -14 + 76?
62
In base 14, what is 5 - 24?
-1d
In base 8, what is 100 - -2?
102
In base 13, what is -1b - -5?
-16
In base 14, what is 80 + 1?
81
In base 16, what is -1 - -97?
96
In base 12, what is 12 + 19?
2b
In base 14, what is -1 + 2c1?
2c0
In base 15, what is 535 + 2?
537
In base 5, what is 3 - -3331?
3334
In base 6, what is -3 + 30?
23
In base 4, what is -10122 + 1?
-10121
In base 4, what is -11 + 10121?
10110
In base 13, what is 23 - b?
15
In base 14, what is 3 - 44?
-41
In base 9, what is -6 + 115?
108
In base 5, what is -23 + 240?
212
In base 2, what is 11 + 11110001011?
11110001110
In base 8, what is -6 - -441?
433
In base 15, what is 1 + 2da?
2db
In base 10, what is 2 + -112?
-110
In base 9, what is -71 + -58?
-140
In base 5, what is -31223 + 3?
-31220
In base 3, what is 12020 - -211?
20001
In base 2, what is 101000100010 + -10?
101000100000
In base 16, what is 3 - a21?
-a1e
In base 14, what is b - -8?
15
In base 6, what is -31554 + -10?
-32004
In base 3, what is -1121202 + -11?
-1121220
In base 2, what is 110000 + 110110?
1100110
In base 11, what is -10 + -51?
-61
In base 13, what is 5c + 0?
5c
In base 9, what is 6103 + 0?
6103
In base 14, what is -5 - 2c?
-33
In base 14, what is -3 - 480?
-483
In base 7, what is 5 - -26?
34
In base 14, what is -4 - -1b18?
1b14
In base 5, what is -10 - -10232?
10222
In base 4, what is -131101 + 11?
-131030
In base 15, what is dc - 8a?
52
In base 9, what is -5 + -106?
-112
In base 16, what is -1cd - 5?
-1d2
In base 15, what is 2b88 - -3?
2b8b
In base 5, what is -2032 - -3?
-2024
In base 2, what is -10 - -101000100?
101000010
In base 16, what is -fc + -2?
-fe
In base 8, what is 0 + 2247?
2247
In base 13, what is -17 - 35c?
-376
In base 16, what is ae + 1?
af
In base 9, what is -8 + -1381?
-1400
In base 7, what is -1 + 1303?
1302
In base 5, what is -121 - 20?
-141
In base 16, what is 2 - 4c?
-4a
In base 13, what is -732 + -9?
-73b
In base 16, what is -1 + 3?
2
In base 13, what is -5a - 4b?
-a8
In base 16, what is 0 + -33?
-33
In base 2, what is 1001001000 + 100?
1001001100
In base 9, what is 316 - -3?
320
In base 8, what is 0 - -526?
526
In base 11, what is -667 - 2?
-669
In base 6, what is 201 - -21?
222
In base 7, what is 26635 - -3?
26641
In base 12, what is -6 - -7?
1
In base 13, what is 2 + b6?
b8
In base 8, what is -1015 - -4?
-1011
In base 5, what is -2041 + -3?
-2044
In base 3, what is -10 - 1211100?
-1211110
In base 14, what is 3 + 2d0?
2d3
In base 6, what is -1 + 1343?
1342
In base 11, what is -2 - -1193?
1191
In base 2, what is 1 + 1111100?
1111101
In base 7, what is -620 - -5?
-612
In base 3, what is 121 + -100?
21
In base 5, what is -10422 - -2?
-10420
In base 12, what is -1515 + 7?
-150a
In base 12, what is -963 - 1?
-964
In base 12, what is 0 + 14?
14
In base 15, what is -4 - -238?
234
In base 3, what is 1 - 101220?
-101212
In base 10, what is -2 - -6?
4
In base 11, what is 3 - 42?
-3a
In base 14, what is -5 - -68?
63
In base 11, what is -2 - -2270?
2269
In base 8, what is 632 + -2?
630
In base 12, what is 5 + 2a?
33
In base 3, what is 11 - -11201?
11212
In base 6, what is -3 - 11043?
-11050
In base 5, what is 10 - 10202?
-10142
In base 15, what is 1cc - -4?
1d1
In base 13, what is -2 + 87?
85
In base 4, what is -211 - -10100?
3223
In base 13, what is -a85 + -3?
-a88
In base 15, what is -28 + -14?
-3c
In base 4, what is 32 - 21?
11
In base 7, what is 5 + 42?
50
In base 8, what is 57 - -2?
61
In base 16, what is -14 - -7?
-d
In base 4, what is -202 - 2203?
-3011
In base 13, what is 0 - 46?
-46
In base 9, what is -364 - -1?
-363
In base 7, what is 0 + -156?
-156
In base 11, what is -677 + 11?
-666
In base 6, what is -4 - -15?
11
In base 6, what is 4502 + -4?
4454
In base 11, what is -131 - -27?
-105
In base 3, what is -1 + 1000?
222
In base 14, what is -39 - 7?
-42
In base 11, what is 4 + a3?
a7
In base 12, what is -3 - -3b?
38
In base 8, what is 2 - -3?
5
In base 8, what is 2 - -215?
217
In base 8, what is 343 - -20?
363
In base 9, what is 234 + 44?
278
In base 7, what is -11 + 222?
211
In base 11, what is -48 + 15a?
112
In base 10, what is 0 + -4754?
-4754
In base 6, what is -155 + -5?
-204
In base 14, what is -7d + -4?
-83
In base 7, what is -361 + -5?
-366
In base 5, what is -10 - -100?
40
In base 8, what is 3656 + 2?
3660
In base 3, what is -11 + -1211?
-1222
In base 5, what is -202344 - 2?
-202401
In base 4, what is 11 + -122?
-111
In base 11, what is 7 - 29?
-22
In base 3, what is 21 - -10001?
10022
In base 13, what is -313 + a?
-306
In base 12, what is -55 + 7?
-4a
In base 14, what is -10 + -8b?
-9b
In base 15, what is 1d - 20?
-2
In base 14, what is -76 - 1?
-77
In base 10, what is -2608 + -3?
-2611
In base 11, what is -2 + 133?
131
In base 9, what is -4 - 0?
-4
In base 16, what is 4 + -15?
-11
In base 10, what is -10 + -4539?
-4549
In base 2, what is 100101 + -11101?
1000
In base 10, what is -1 - 61?
-62
In base 9, what is -308 + -4?
-313
In base 12, what is 3 - -3a7?
3aa
In base 12, what is -8 - -23?
17
In base 6, what is -153 + -2?
-155
In base 3, what is -1012021 + 110?
-1011211
In base 4, what is -301 - 3?
-310
In base 7, what is 10 - -550?
560
In base 5, what is 3 - -1410?
1413
In base 14, what is -15 + -1b?
-32
In base 15, what is 5 + 9a5?
9aa
In base 2, what is -1101 - 10100?
-100001
In base 8, what is -26 - -442?
414
In base 13, what is b + -537?
-529
In base 16, what is -25 - -58?
33
In base 12, what is 43 + -9?
36
In base 2, what is -101 + -101111100010?
-101111100111
In base 7, what is -1203 + 0?
-1203
In base 8, what is 33 + 40?
73
In base 13, what is -2 + 1c1?
1bc
In base 14, what is 1b + -a?
11
In base 11, what is 0 - 9?
-9
In base 9, what is -756 + -2?
-758
In base 2, what is 100 + -1001010?
-1000110
In base 3, what is 20011 - 111?
12200
In base 8, what is 163 + 4?
167
In base 12, what is 4 + -53?
-4b
In base 5, what is -244020 + 0?
-244020
In base 12, what is -10875 - -5?
-10870
In base 9, what is 14 - 125?
-111
In base 14, what is -4 + -28c?
-292
In base 3, what is 21020 - 10?
21010
In base 6, what is -30 + -13?
-43
In base 3, what is -202 + 1022?
120
In base 5, what is -1 - 104?
-110
In base 11, what is 80a - 2?
808
In base 4, what is -1311 - 0?
-1311
In base 14, what is 35d - c?
351
In base 16, what is 50 - 0?
50
In base 5, what is 3 + -430?
-422
In base 6, what is -133 - 14?
-151
In base 6, what is 20 - -1130?
1150
In base 11, what is 4 + -1a?
-16
In base 10, what is -3 - 505?
-508
In base 13, what is 185 - 4?
181
In base 11, what is 3469 + 4?
3472
In base 7, what is -133 - 360?
-523
In base 15, what is c0d - -5?
c13
In base 5, what is -4 - -22113?
22104
In base 3, what is -11 + 10211?